{"id":688,"date":"2023-03-23T11:45:31","date_gmt":"2023-03-23T11:45:31","guid":{"rendered":"https:\/\/www.pinknoise.or.at\/?page_id=688"},"modified":"2023-03-31T13:58:58","modified_gmt":"2023-03-31T13:58:58","slug":"camp-toolkit","status":"publish","type":"page","link":"https:\/\/www.pinknoise.or.at\/?page_id=688","title":{"rendered":"CAMP TOOLKIT"},"content":{"rendered":"\t\t<div data-elementor-type=\"wp-page\" data-elementor-id=\"688\" class=\"elementor elementor-688\">\n\t\t\t\t\t\t<section class=\"elementor-section elementor-top-section elementor-element elementor-element-f5e84d8 elementor-section-boxed elementor-section-height-default elementor-section-height-default\" data-id=\"f5e84d8\" data-element_type=\"section\" data-e-type=\"section\">\n\t\t\t\t\t\t<div class=\"elementor-container elementor-column-gap-default\">\n\t\t\t\t\t<div class=\"elementor-column elementor-col-100 elementor-top-column elementor-element elementor-element-9879d8b\" data-id=\"9879d8b\" data-element_type=\"column\" data-e-type=\"column\">\n\t\t\t<div class=\"elementor-widget-wrap elementor-element-populated\">\n\t\t\t\t\t\t<div class=\"elementor-element elementor-element-9b123c9 elementor-widget elementor-widget-spacer\" data-id=\"9b123c9\" data-element_type=\"widget\" data-e-type=\"widget\" data-widget_type=\"spacer.default\">\n\t\t\t\t<div class=\"elementor-widget-container\">\n\t\t\t\t\t\t\t<div class=\"elementor-spacer\">\n\t\t\t<div class=\"elementor-spacer-inner\"><\/div>\n\t\t<\/div>\n\t\t\t\t\t\t<\/div>\n\t\t\t\t<\/div>\n\t\t\t\t\t<\/div>\n\t\t<\/div>\n\t\t\t\t\t<\/div>\n\t\t<\/section>\n\t\t\t\t<section class=\"elementor-section elementor-top-section elementor-element elementor-element-30d65f6 elementor-section-boxed elementor-section-height-default elementor-section-height-default\" data-id=\"30d65f6\" data-element_type=\"section\" data-e-type=\"section\">\n\t\t\t\t\t\t<div class=\"elementor-container elementor-column-gap-default\">\n\t\t\t\t\t<div class=\"elementor-column elementor-col-100 elementor-top-column elementor-element elementor-element-83a4183\" data-id=\"83a4183\" data-element_type=\"column\" data-e-type=\"column\">\n\t\t\t<div class=\"elementor-widget-wrap elementor-element-populated\">\n\t\t\t\t\t\t<div class=\"elementor-element elementor-element-c81ed7b elementor-widget elementor-widget-heading\" data-id=\"c81ed7b\" data-element_type=\"widget\" data-e-type=\"widget\" data-widget_type=\"heading.default\">\n\t\t\t\t<div class=\"elementor-widget-container\">\n\t\t\t\t\t<h1 class=\"elementor-heading-title elementor-size-default\">CAMP  TOOLKIT<\/h1>\t\t\t\t<\/div>\n\t\t\t\t<\/div>\n\t\t\t\t<div class=\"elementor-element elementor-element-41b0048 elementor-widget elementor-widget-spacer\" data-id=\"41b0048\" data-element_type=\"widget\" data-e-type=\"widget\" data-widget_type=\"spacer.default\">\n\t\t\t\t<div class=\"elementor-widget-container\">\n\t\t\t\t\t\t\t<div class=\"elementor-spacer\">\n\t\t\t<div class=\"elementor-spacer-inner\"><\/div>\n\t\t<\/div>\n\t\t\t\t\t\t<\/div>\n\t\t\t\t<\/div>\n\t\t\t\t\t<\/div>\n\t\t<\/div>\n\t\t\t\t\t<\/div>\n\t\t<\/section>\n\t\t\t\t<section class=\"elementor-section elementor-top-section elementor-element elementor-element-fa1e6e5 elementor-section-boxed elementor-section-height-default elementor-section-height-default\" data-id=\"fa1e6e5\" data-element_type=\"section\" data-e-type=\"section\">\n\t\t\t\t\t\t<div class=\"elementor-container elementor-column-gap-default\">\n\t\t\t\t\t<div class=\"elementor-column elementor-col-50 elementor-top-column elementor-element elementor-element-870187c\" data-id=\"870187c\" data-element_type=\"column\" data-e-type=\"column\">\n\t\t\t<div class=\"elementor-widget-wrap elementor-element-populated\">\n\t\t\t\t\t\t<div class=\"elementor-element elementor-element-c8aa266 elementor-widget elementor-widget-image\" data-id=\"c8aa266\" data-element_type=\"widget\" data-e-type=\"widget\" data-widget_type=\"image.default\">\n\t\t\t\t<div class=\"elementor-widget-container\">\n\t\t\t\t\t\t\t\t\t\t\t\t\t\t\t<img decoding=\"async\" src=\"https:\/\/www.pinknoise.or.at\/wp-content\/uploads\/elementor\/thumbs\/pnc_startpage_gear-q3w01zgx98hj29mefs89fgpdyjmck4inwoor1rk6uw.webp\" title=\"pnc_startpage_gear\" alt=\"pnc_startpage_gear\" loading=\"lazy\" \/>\t\t\t\t\t\t\t\t\t\t\t\t\t\t\t<\/div>\n\t\t\t\t<\/div>\n\t\t\t\t<div class=\"elementor-element elementor-element-a7efab8 elementor-widget elementor-widget-image\" data-id=\"a7efab8\" data-element_type=\"widget\" data-e-type=\"widget\" data-widget_type=\"image.default\">\n\t\t\t\t<div class=\"elementor-widget-container\">\n\t\t\t\t\t\t\t\t\t\t\t\t\t\t\t<img decoding=\"async\" src=\"https:\/\/www.pinknoise.or.at\/wp-content\/uploads\/elementor\/thumbs\/pnc_startpage_songwriting-q3w021clmwk3phjo4t1ikg8b5bd2ziq4kxzq0bheig.webp\" title=\"pnc_startpage_songwriting\" alt=\"pnc_startpage_songwriting\" loading=\"lazy\" \/>\t\t\t\t\t\t\t\t\t\t\t\t\t\t\t<\/div>\n\t\t\t\t<\/div>\n\t\t\t\t\t<\/div>\n\t\t<\/div>\n\t\t\t\t<div class=\"elementor-column elementor-col-50 elementor-top-column elementor-element elementor-element-ede2157\" data-id=\"ede2157\" data-element_type=\"column\" data-e-type=\"column\">\n\t\t\t<div class=\"elementor-widget-wrap elementor-element-populated\">\n\t\t\t\t\t\t<div class=\"elementor-element elementor-element-82cf291 elementor-widget elementor-widget-text-editor\" data-id=\"82cf291\" data-element_type=\"widget\" data-e-type=\"widget\" data-widget_type=\"text-editor.default\">\n\t\t\t\t<div class=\"elementor-widget-container\">\n\t\t\t\t\t\t\t\t\t<p>2016 haben wir uns zusammengesetzt, die letzten 5 Jahre revue passieren lassen und ein Toolkit erarbeitet, mit dem jede*r selbst Musik-Camps organisieren kann.<\/p><p>Darin findet ihr Tipps zur Programmgestaltung einer Camp-Woche, einen Methodenkoffer und Infos \u00fcber die Hintergr\u00fcnde und Geschichte der Girls Rock Camps.<\/p><p>Ganz im Sinne des Do-it-yourself + Do-it-together Spirits, wollen wir das Wissen, die Erfahrungen und Best Practice Beispiele der letzten Jahre mit euch teilen.<\/p><p>Wenn ihr Interesse habt, ein pink noise Girls Rock Camp zu veranstalten oder euch einen \u00dcberblick dar\u00fcber verschaffen wollt, wie Girls Rock Camps organisiert werden (k\u00f6nnen), k\u00f6nnt ihr das Toolkit\u00a0<a href=\"https:\/\/www.dropbox.com\/sh\/mvw7aqo75lh81vu\/AAAIrhmBCibIdcIqVumhUrZNa?dl=0\" target=\"_blank\" rel=\"noopener\">hier<\/a>\u00a0downloaden.<\/p><p>Solltet ihr eine h\u00f6her aufgel\u00f6ste Datei brauchen, schreibt gerne an <a href=\"mailto:info@girlsrock.at\" target=\"_blank\" rel=\"noopener\"><span style=\"font-weight: 400;\">info@girlsrock.at<\/span><\/a>.<\/p>\t\t\t\t\t\t\t\t<\/div>\n\t\t\t\t<\/div>\n\t\t\t\t\t<\/div>\n\t\t<\/div>\n\t\t\t\t\t<\/div>\n\t\t<\/section>\n\t\t\t\t<section class=\"elementor-section elementor-top-section elementor-element elementor-element-98bfb2f elementor-section-boxed elementor-section-height-default elementor-section-height-default\" data-id=\"98bfb2f\" data-element_type=\"section\" data-e-type=\"section\">\n\t\t\t\t\t\t<div class=\"elementor-container elementor-column-gap-default\">\n\t\t\t\t\t<div class=\"elementor-column elementor-col-100 elementor-top-column elementor-element elementor-element-538fd91\" data-id=\"538fd91\" data-element_type=\"column\" data-e-type=\"column\">\n\t\t\t<div class=\"elementor-widget-wrap elementor-element-populated\">\n\t\t\t\t\t\t<div class=\"elementor-element elementor-element-f0c4fe8 elementor-widget elementor-widget-spacer\" data-id=\"f0c4fe8\" data-element_type=\"widget\" data-e-type=\"widget\" data-widget_type=\"spacer.default\">\n\t\t\t\t<div class=\"elementor-widget-container\">\n\t\t\t\t\t\t\t<div class=\"elementor-spacer\">\n\t\t\t<div class=\"elementor-spacer-inner\"><\/div>\n\t\t<\/div>\n\t\t\t\t\t\t<\/div>\n\t\t\t\t<\/div>\n\t\t\t\t\t<\/div>\n\t\t<\/div>\n\t\t\t\t\t<\/div>\n\t\t<\/section>\n\t\t\t\t<\/div>\n\t\t","protected":false},"excerpt":{"rendered":"<p>CAMP TOOLKIT 2016 haben wir uns zusammengesetzt, die letzten 5 Jahre revue passieren lassen und ein Toolkit erarbeitet, mit dem jede*r selbst Musik-Camps organisieren kann. Darin findet ihr Tipps zur Programmgestaltung einer Camp-Woche, einen Methodenkoffer und Infos \u00fcber die Hintergr\u00fcnde und Geschichte der Girls Rock Camps. Ganz im Sinne des Do-it-yourself + Do-it-together Spirits, wollen&hellip; <a class=\"more-link\" href=\"https:\/\/www.pinknoise.or.at\/?page_id=688\">Continue reading <span class=\"screen-reader-text\">CAMP TOOLKIT<\/span><\/a><\/p>\n","protected":false},"author":1,"featured_media":0,"parent":0,"menu_order":0,"comment_status":"closed","ping_status":"closed","template":"elementor_header_footer","meta":{"footnotes":""},"class_list":["post-688","page","type-page","status-publish","hentry","entry"],"_links":{"self":[{"href":"https:\/\/www.pinknoise.or.at\/index.php?rest_route=\/wp\/v2\/pages\/688","targetHints":{"allow":["GET"]}}],"collection":[{"href":"https:\/\/www.pinknoise.or.at\/index.php?rest_route=\/wp\/v2\/pages"}],"about":[{"href":"https:\/\/www.pinknoise.or.at\/index.php?rest_route=\/wp\/v2\/types\/page"}],"author":[{"embeddable":true,"href":"https:\/\/www.pinknoise.or.at\/index.php?rest_route=\/wp\/v2\/users\/1"}],"replies":[{"embeddable":true,"href":"https:\/\/www.pinknoise.or.at\/index.php?rest_route=%2Fwp%2Fv2%2Fcomments&post=688"}],"version-history":[{"count":13,"href":"https:\/\/www.pinknoise.or.at\/index.php?rest_route=\/wp\/v2\/pages\/688\/revisions"}],"predecessor-version":[{"id":863,"href":"https:\/\/www.pinknoise.or.at\/index.php?rest_route=\/wp\/v2\/pages\/688\/revisions\/863"}],"wp:attachment":[{"href":"https:\/\/www.pinknoise.or.at\/index.php?rest_route=%2Fwp%2Fv2%2Fmedia&parent=688"}],"curies":[{"name":"wp","href":"https:\/\/api.w.org\/{rel}","templated":true}]}}